se 6.
-23431
-b6 (base 16) to base 14
-d0
1653 (base 8) to base 16
3ab
What is 1001101110 (base 2) in base 9?
761
66924 (base 10) to base 11
46310
d63 (base 15) to base 3
11010210
762a (base 11) to base 7
41242
What is -105 (base 8) in base 9?
-76
What is -150 (base 10) in base 16?
-96
-324 (base 10) to base 7
-642
What is 22220 (base 3) in base 11?
1a9
What is -136 (base 9) in base 4?
-1302
What is -1101000100100 (base 2) in base 5?
-203232
Convert -4884 (base 9) to base 4.
-320320
What is -4580 (base 13) in base 5?
-302422
-e20 (base 15) to base 7
-12162
-21282 (base 11) to base 3
-1120110010
Convert -121000101 (base 3) to base 6.
-130014
-42526 (base 9) to base 13
-ca5c
Convert 1310404 (base 5) to base 7.
135004
Convert -4440 (base 11) to base 12.
-3478
What is -361b (base 15) in base 9?
-16688
What is 4753 (base 10) in base 15?
161d
What is -614 (base 9) in base 11?
-414
What is -649 (base 10) in base 9?
-801
Convert 2614 (base 7) to base 15.
461
What is -2858 (base 13) in base 12?
-344b
What is 477 (base 14) in base 6?
4041
What is 14ca (base 16) in base 4?
1103022
Convert 17007 (base 9) to base 6.
130011
Convert 4f4a (base 16) to base 8.
47512
1101000110110 (base 2) to base 10
6710
What is -40204 (base 6) in base 2?
-1010010001100
Convert -56c6 (base 14) to base 2.
-11101011011110
What is -101001100 (base 2) in base 14?
-19a
Convert 21 (base 9) to base 4.
103
What is -f79 (base 16) in base 10?
-3961
What is 40e2 (base 15) in base 12?
7b28
Convert cc14 (base 13) to base 5.
1402114
1512 (base 9) to base 13
6a1
Convert -100112110 (base 3) to base 15.
-20d6
111122012 (base 3) to base 7
40661
What is -10110001000011 (base 2) in base 3?
-120112200
Convert -32301 (base 8) to base 6.
-142305
What is -3220 (base 4) in base 11?
-1a1
What is 8d3 (base 15) in base 12?
11a6
What is 3db (base 14) in base 6?
3341
What is -11200 (base 4) in base 10?
-352
What is -144523 (base 6) in base 7?
-55605
240444 (base 5) to base 4
2022222
Convert -99e (base 16) to base 5.
-34322
What is -b32 (base 16) in base 11?
-2176
Convert -633 (base 10) to base 15.
-2c3
-205 (base 9) to base 14
-bd
Convert 740 (base 8) to base 5.
3410
What is 11120112 (base 3) in base 10?
3335
-865d (base 14) to base 11
-16491
Convert 1001010110001101 (base 2) to base 12.
1a1a5
257 (base 9) to base 7
424
What is -51220 (base 6) in base 11?
-5104
What is 1176 (base 13) in base 14?
c7d
Convert 200200 (base 4) to base 16.
820
-26743 (base 8) to base 4
-2313203
What is -111110110100011 (base 2) in base 10?
-32163
Convert -15c (base 15) to base 14.
-184
What is 16365 (base 8) in base 4?
1303311
What is -23101 (base 6) in base 8?
-6315
211122102 (base 3) to base 9
24572
What is 1247 (base 8) in base 2?
1010100111
Convert a35 (base 12) to base 8.
2711
1023102 (base 5) to base 3
212200220
Convert 1462 (base 8) to base 12.
582
Convert -10d3 (base 14) to base 4.
-231301
405145 (base 6) to base 2
111110111111001
-2342 (base 7) to base 8
-1537
-45031 (base 6) to base 13
-2b24
Convert 11341 (base 5) to base 13.
501
Convert 612 (base 9) to base 14.
277
What is -5679 (base 14) in base 9?
-22520
What is 2313333 (base 4) in base 16?
2dff
-3427 (base 10) to base 7
-12664
What is -431 (base 10) in base 13?
-272
What is 151b (base 15) in base 3?
20012122
216341 (base 8) to base 13
2726c
What is -2001114 (base 5) in base 7?
-160400
-2244 (base 6) to base 9
-651
1212122 (base 4) to base 10
6554
-10000111000 (base 2) to base 10
-1080
3111111 (base 4) to base 9
20650
Convert -2221000 (base 4) to base 3.
-112211121
What is 65134 (base 7) in base 9?
24184
1420 (base 16) to base 7
21010
-1024 (base 7) to base 13
-21a
Convert 101017 (base 8) to base 6.
414051
What is -1101221002 (base 3) in base 9?
-41832
Convert 122210 (base 5) to base 12.
2860
What is -478 (base 9) in base 13?
-245
What is -1203231 (base 4) in base 6?
-45313
Convert 6344 (base 10) to base 16.
18c8
Convert 608 (base 11) to base 13.
446
a13 (base 14) to base 16
7b9
-32333 (base 4) to base 10
-959
Convert -6303 (base 7) to base 15.
-9c3
Convert -1100014 (base 5) to base 9.
-27653
Convert -1051 (base 6) to base 3.
-100011
What is 1001100011 (base 2) in base 11?
506
-232111 (base 5) to base 7
-33336
What is -165744 (base 8) in base 12?
-2ab44
Convert 308 (base 11) to base 3.
111202
Convert -72a (base 14) to base 12.
-996
-100000010001110 (base 2) to base 11
-11464
Convert 1664 (base 9) to base 5.
20043
-13ce (base 15) to base 5
-113434
What is 7a9 (base 14) in base 11?
1163
Convert 644 (base 9) to base 8.
1016
Convert -99cc (base 14) to base 10.
-26640
What is 1101010101111110 (base 2) in base 7?
315225
What is -4063 (base 9) in base 3?
-11002010
What is -507 (base 10) in base 11?
-421
What is -12654 (base 13) in base 2?
-1000010011110110
What is 20034 (base 6) in base 5?
40424
Convert 2247 (base 9) to base 11.
1282
What is 9128 (base 11) in base 3?
121122021
-12423 (base 10) to base 12
-7233
41 (base 9) to base 4
211
What is 123113 (base 4) in base 14?
8d1
Convert -1222120100 (base 3) to base 13.
-14a0c
What is -10120020 (base 3) in base 8?
-5046
Convert -b190 (base 12) to base 4.
-10230330
What is -40 (base 7) in base 14?
-20
Convert -166541 (base 7) to base 5.
-2033140
-2122200111 (base 3) to base 6
-1041534
What is -2112112 (base 3) in base 7?
-5252
What is -13221 (base 4) in base 5?
-3424
Convert 110100101111 (base 2) to base 16.
d2f
-20221011 (base 3) to base 2
-1001110111101
What is -159a (base 16) in base 6?
-41334
What is -32410 (base 6) in base 14?
-18b4
-538 (base 14) to base 3
-1102011
Convert -105 (base 6) to base 7.
-56
What is -100101000 (base 2) in base 3?
-101222
What is 6233 (base 9) in base 8?
10726
3135 (base 16) to base 3
122021120
What is -74230 (base 8) in base 15?
-9232
What is -35a14 (base 11) in base 16?
-ca5b
What is -7055 (base 13) in base 6?
-155305
Convert 2103 (base 5) to base 3.
101022
Convert 876 (base 12) to base 7.
3423
Convert -30c5 (base 15) to base 4.
-2201012
-23 (base 4) to base 16
-b
What is -235261 (base 7) in base 4?
-22122301
What is -22011 (base 3) in base 11?
-190
Convert -1b4 (base 12) to base 10.
-280
What is 671 (base 9) in base 3?
202101
What is d8a (base 15) in base 7?
11623
What is 1211 (base 12) in base 16?
7ed
What is -11120 (base 10) in base 14?
-40a4
Convert -154b (base 14) to base 6.
-25315
Convert 101110101011110 (base 2) to base 7.
126454
-10221 (base 7) to base 15
-b29
Convert -223202 (base 4) to base 14.
-1030
2132 (base 5) to base 11
246
What is 30957 (base 10) in base 2?
111100011101101
Convert -1051 (base 6) to base 13.
-160
Convert -450232 (base 6) to base 13.
-141c2
44 (base 15) to base 6
144
What is -221021 (base 4) in base 2?
-101001001001
What is 42725 (base 8) in base 11?
12482
183 (base 11) to base 5
1322
110 (base 14) to base 9
253
What is -240 (base 9) in base 7?
-402
What is -17000 (base 9) in base 5?
-333124
What is 25 (base 8) in base 4?
111
Convert 656 (base 14) to base 3.
1201101
What is -421132 (base 5) in base 3?
-201002110
-2021 (base 9) to base 4
-113011
What is 1000144 (base 5) in base 8?
36472
-1a58b (base 13) to base 4
-30210203
Convert 3190 (base 12) to base 15.
1926
What is -140 (base 6) in base 13?
-48
58b (base 12) to base 10
827
What is 190 (base 12) in base 5?
2002
What is 192 (base 16) in base 8?
622
Convert -13bac (base 13) to base 5.
-2142103
Convert 1510 (base 6) to base 4.
12102
18f (base 16) to base 15
1b9
3a2 (base 13) to base 11
531
What is 11102 (base 6) in base 5?
22200
Convert 4285 (base 13) to base 15.
2b0a
What is -31050 (base 6) in base 12?
-2486
-10a20 (base 12) to base 7
-121503
What is -226 (base 9) in base 10?
-186
110110110101 (base 2) to base 12
2045
11a87 (base 12) to base 5
1232012
-3435 (base 16) to base 7
-53652
What is -222022 (base 3) in base 5?
-10320
What is -20674 (base 8) in base 9?
-12755
Convert 20022 (base 3) to base 9.
208
What is 1312 (base 5) in base 7?
414
Convert -121011 (base 4) to base 15.
-720
57b5 (base 15) to base 10
18620
Convert -2038 (base 11) to base 5.
-41303
95a (base 14) to base 15
82e
Convert -2213 (base 6) to base 7.
-1332
What is -55714 (base 8) in base 11?
-16724
14125 (base 6) to base 4
202211
-11472 (base 9) to base 2
-1110111111111
Convert 50a (base 15) to base 14.
5b1
Convert 1140 (base 7) to base 8.
64